igit of x?
1
Let b(q) = q**3 + 14*q**2 + 12*q + 17. Suppose -34 = 2*g - 8. What is the units digit of b(g)?
0
Let h(t) = t**3 + 7*t**2 + 6*t - 7. Suppose -5*f + 7*f + 6 = 0. What is the units digit of h(f)?
1
Suppose 2*w + 22 + 20 = 0. Let l(y) = -4*y**2 + 2*y - 3. Let p be l(3). Let d = w - p. What is the tens digit of d?
1
Suppose -3*n + 3*a - 2*a + 8204 = 0, n + 4*a = 2713. What is the units digit of n?
3
Let o be (2 - (3 + -3)) + 1. Suppose 0 = -o*b + 44 + 46. What is the units digit of b?
0
Let q(m) = -3 + 4 - 7*m - 2. Let z be q(-2). Suppose -z - 74 = -3*p. What is the tens digit of p?
2
Let c(x) be the second derivative of x**3/3 - 7*x**2 + 3*x. Let m be c(6). What is the units digit of (4 + m - 4) + 3?
1
Suppose 4*u - 145 = -a, u - 4*a + 17 - 66 = 0. Suppose -3*v = -h - u, -4*v + 2*h = -48 - 4. Suppose -48 = -v*m + 9*m. What is the units digit of m?
4
Let i be 3*(-2 - (-4 - -1)). Suppose 33 = -i*s - 12. Let l = s - -23. What is the units digit of l?
8
Suppose 3*o - 6 = 9. Suppose -o*m = 3*h + h + 10, 0 = -4*m + h + 13. What is the units digit of m + 51 + 20/(-10)?
1
Let f = -550 + 890. What is the hundreds digit of f?
3
Suppose 2*p - 394 = 3*x, -x = -2*p + 473 - 79. What is the tens digit of p?
9
Let v be 186/(((-60)/(-56))/5). Suppose -217 - v = -5*i. What is the tens digit of i?
1
What is the tens digit of (444/18 - -10)*(-15)/(-2)?
6
Suppose 0 = 3*z - 5 - 7. Suppose 0 = -y - z - 6. What is the units digit of ((-8)/y)/(18/225)?
0
What is the hundreds digit of 106*(-35)/(-30)*3?
3
Let m be 234/(-12)*2/(-3). Let z = -6 + m. What is the units digit of z?
7
Suppose 41*v - 50*v + 29466 = 0. What is the units digit of v?
4
Let d = -13 + 16. Suppose -d*r + 2*q = -2*r + 18, -4*r - 72 = 3*q. What is the units digit of (-20)/90 + (-1174)/r?
5
Suppose 425 = 2*w + 2*w - 3*n, -3*w + 4*n + 317 = 0. Suppose w = 4*i - 165. What is the units digit of i?
8
Let w be ((-5)/(50/(-8)))/(6/45). Suppose -o + w = -195. What is the units digit of o?
1
Let a(o) = 2*o**2 - 9*o - 77. What is the hundreds digit of a(-9)?
1
Let q(v) = -3*v**3 - 3*v**2 - 2*v - 3. Let j be q(-2). Let r be 25/(-20) + 0 - (-18)/8. Let m = j - r. What is the tens digit of m?
1
Let f(l) = 61*l - 105. Let n(c) = 30*c - 53. Let p(u) = 4*f(u) - 7*n(u). What is the units digit of p(8)?
3
Suppose 3*w + 30 = 180. Let v = 102 - w. What is the tens digit of v?
5
Let v = -11 + 19. Let f = 222 + -177. Let s = f - v. What is the units digit of s?
7
Suppose 904 = 9*p - 14. Suppose -j + 2*k = -p, 3*j - 251 = -2*k + 15. What is the units digit of j?
2
Suppose -h + 685 = -2*t, -4*h + 0*h + 2734 = -5*t. What is the hundreds digit of h?
6
Let o be 161/49 + (-4)/14. Let k(b) = o*b - 2*b**3 - 6*b**2 + 3*b**2 + 6 + b**3. What is the units digit of k(-4)?
0
Let a(g) = -60*g - 6. What is the hundreds digit of a(-4)?
2
Let f(v) be the second derivative of v**5/20 + v**4/6 - v**3/3 - 3*v**2/2 - 5*v. Let b be f(-4). Let m = b + 62. What is the units digit of m?
5
Let y be ((-6)/9 - 0)*(9 + 15). Let o(t) = t**2 + 16*t + 15. What is the units digit of o(y)?
5
Suppose 5*g = 3*k - 40, 0 = 3*k - 2*g - 0*g - 25. Suppose -5*y + 15 + 30 = -k*p, 5*p = -4*y + 9. What is the units digit of y?
6
Let k(t) = -t**3 + 8*t**2 + 12*t - 19. Let z be k(9). Suppose 0 = -a + 23 + z. What is the tens digit of a?
3
Suppose -2*b = -2*y + 1488, 20 = 100*b - 104*b. What is the hundreds digit of y?
7
Let g = 20 + -34. Let h(c) = -c**3 - 13*c**2 + 13*c - 4. What is the tens digit of h(g)?
1
Let c(p) = -p - 4. Let m be c(-6). Suppose -5*u = -m*u. Let k(t) = t + 14. What is the units digit of k(u)?
4
Suppose 2*i - 20 = -0*x - 2*x, 5*x - 3*i = 50. Let h be 1/(-5) + 22/x. Suppose h*d - 59 = 15. What is the units digit of d?
7
Suppose -2*k = -0*k + 3*f - 17, -6 = -2*f. Let b(o) = -k*o + 2 + 2 + o - 6*o. What is the tens digit of b(-2)?
2
Suppose -3*n = -5*n + 18. Let p = 11 - n. What is the units digit of ((-24)/9)/(p/(-9))?
2
Suppose w - 3 + 11 = 0. Let j(u) = -9*u - 19. What is the units digit of j(w)?
3
What is the tens digit of -15 + 15 - -136*(5 - 1)?
4
Let w(i) = -142*i**3 + 4*i + 10. What is the hundreds digit of w(-2)?
1
Suppose 34 + 21 = x. What is the hundreds digit of (30/x)/(-3) + (-3392)/(-22)?
1
Let u(b) = -b**2 + 11. Let n be u(0). Suppose 4*c - n = -0*c + 3*q, -3*q = -9. Let k = c - -12. What is the tens digit of k?
1
What is the hundreds digit of (-40)/(((-45)/1500)/((-9)/(-8)))?
5
Suppose 7*m = 6*m - 180. Let r = 254 + m. What is the units digit of r?
4
Suppose 0 = 2*y - 3*u - 286 - 287, 0 = 4*y - 3*u - 1137. What is the hundreds digit of y?
2
Let o = 402 + 24. Let b = -145 + o. What is the units digit of b?
1
What is the tens digit of ((-890)/(-40))/(0 - 2/(-56))?
2
Let r(t) = 14*t - 12*t**2 - t + 7*t**3 - 9 + 4*t**3 - 10*t**3. Let m be (1 - 3)*11/(-2). What is the tens digit of r(m)?
1
Suppose -5*f = -f - 16. Suppose h + 6 = 4*h, -g - 13 = -f*h. Let x(m) = -m**2 - 5*m + 3. What is the units digit of x(g)?
3
Suppose 0 = 4*m + 252 - 5320. What is the thousands digit of m?
1
Let f(a) = -a**3 + 14*a**2 + 12*a - 9. Let k be f(15). Let s be 12/k - 38/(-9). Suppose -61 = -s*w - 5*t, t - 29 = -3*w + w. What is the tens digit of w?
1
Suppose -3*y + 314 = -25. Let d = 227 - y. What is the units digit of d?
4
Let c = -9146 - -13839. What is the thousands digit of c?
4
What is the hundreds digit of -4 - (-2*11)/((-54)/(-7128))?
9
Suppose -6 = -w + o + 4, 2*w = -5*o - 1. Suppose 0 = 2*l - 4, w*x - 2*x + 4*l = 178. What is the tens digit of x?
3
Suppose 7*l = -7*l + 3402. What is the units digit of l?
3
Let h = 1159 + -612. What is the hundreds digit of h?
5
Suppose 0 = -t + 4*t - 15. Suppose t*r + c - 3*c - 780 = 0, 4*c = 3*r - 468. What is the hundreds digit of r?
1
Suppose 3*z - 3596 = -3*m + 4*m, 4*z - 5*m - 4813 = 0. What is the hundreds digit of z?
1
Let y(h) = -h**3 + 6*h**2 + 6*h + 3. Let g be y(7). Let x(s) = -3*s**3 - 2*s**2 + 3*s + 1. What is the tens digit of x(g)?
4
Let n = 3546 + -2053. What is the tens digit of n?
9
Let t = -9 - -9. Suppose -4*v + 153 - 29 = t. Let d = -4 + v. What is the units digit of d?
7
Let o(p) = -3*p + 7. Let c be ((-2)/(-2))/(8/(-120)). What is the units digit of o(c)?
2
Let s = 81 + -30. Let w = s + -21. Suppose 0 = -6*x + 3*x - 3*l + 63, w = 2*x - l. What is the units digit of x?
7
Let x(z) = -z**3 - 4*z**2 - 3*z + 4. Let j be (64/(-6))/2 - (-12)/(-18). What is the units digit of x(j)?
4
Let k(r) = 9*r + 15. Let d be k(5). Suppose -q + 4*m + 65 = 0, 3*m = 4*q - 3*q - d. What is the tens digit of q?
4
Suppose 4*v + 2*s - 14 = 0, -v - 3*v = -s - 17. Suppose -379 = -v*o - 67. What is the tens digit of o?
7
Suppose -42*h + 25788 = -14*h. What is the units digit of h?
1
Let j = -3094 + 5480. What is the tens digit of j?
8
Let d = -525 - -774. What is the hundreds digit of d?
2
Suppose 5*t - 2221 = 4*c, 3*c - 37 = -5*t + 2156. What is the tens digit of t?
4
Let f = 89 - 44. Suppose -3*s - 5*w = -0*w - 47, -3*s - 3*w = -f. Suppose -5*j - s - 12 = -c, 3*c = -j + 46. What is the units digit of c?
6
Let r(d) = -13*d + 52. What is the units digit of r(-20)?
2
Let b = 6 + -3. Suppose 3*x + m = 0, -b*x - 4*m = -2*m - 3. Let k = 7 + x. What is the units digit of k?
6
Let q = -72 - -38. Let d = q - -86. What is the tens digit of d?
5
Let g = -6148 - -9053. What is the tens digit of g?
0
Suppose -r - z + 1 + 2 = 0, z = -5*r + 23. Suppose 0*q - r*q = -3*n - 32, 5*q = -2*n + 12. What is the tens digit of (-207)/(-12) + n/16?
1
Let b(w) = 2*w**3 - 50*w**2 + 57*w + 21. What is the tens digit of b(25)?
4
Suppose 4*w + 3*d - 8490 = 0, -d - 2024 - 8579 = -5*w. What is the tens digit of w?
2
Suppose -5*k + 166 + 34 = 0. Suppose 0 = -2*p + k + 272. What is the units digit of p?
6
Suppose 4*f = -f + 2*f. Let v = 0 - -1. Let o = v - f. What is the units digit of o?
1
Suppose 2*f + 1402 = 4*r, 2*r = -3*r + 3*f + 1753. What is the tens digit of r?
5
Suppose -3 = -2*b + 15. What is the units digit of 1825/b - 4/(-18)?
3
Let y = 4 + -2. Let z be y/9 - 1760/(-99). What is the units digit of 1130/z + (-8)/(-36)?
3
Let q = -187 + 173. What is the hundreds digit of (3 + -4 - q/8)*164?
1
Let q = -15 - -15. Let v = q - -3. Suppose 37 = -v*u + 124. What is the units digit of u?
9
Suppose 2*k - 13*k = 748. Let p(j) = 2*j**2 - j + 